{"id":25885,"date":"2025-09-01T08:30:51","date_gmt":"2025-09-01T08:30:51","guid":{"rendered":"https:\/\/www.maag-polska.pl\/obrzeza-meblowe\/d2-2-calvados-pear\/"},"modified":"2025-09-01T09:10:44","modified_gmt":"2025-09-01T09:10:44","slug":"d2-2-calvados-pear","status":"publish","type":"product","link":"https:\/\/www.maag-polska.pl\/ro\/obrzeza-meblowe\/d2-2-calvados-pear\/","title":{"rendered":"Margini Mobilier D2\/2 CALVADOS PEAR"},"content":{"rendered":"<div>\n<p>Inspirat de nuan\u021bele calde \u0219i aurii ale coniacului Calvados, aceast\u0103 band\u0103 de margine din PVC D2\/2 GRUSZA surprinde esen\u021ba granula\u021biei premium a lemnului de par. Textura suprafe\u021bei realizat\u0103 cu meticulozitate \u0219i varia\u021biile bogate de culoare creeaz\u0103 un finisaj sofisticat care se \u00eembin\u0103 perfect cu marginile mobilierului dvs. Fiecare band\u0103 men\u021bine o stabilitate excep\u021bional\u0103 a culorii \u00een diferite condi\u021bii de iluminare, \u00een timp ce formula rezistent\u0103 la UV previne \u00eeng\u0103lbenirea sau decolorarea \u00een timp.<\/p>\n<p>Fabricat din PVC pur, acest material de calitate profesional\u0103 pentru prelucrarea lemnului ofer\u0103 o versatilitate remarcabil\u0103 \u00een aplica\u021biile de fabricare a mobilierului. Grosimea precis\u0103 de 2 mm a benzii de margine asigur\u0103 margini curate, rezistente la impact pentru dulapuri, rafturi \u0219i instala\u021bii comerciale. Compozi\u021bia sa optimizat\u0103 permite o prelucrare eficient\u0103 cu de\u0219euri minime, men\u021bin\u00e2nd \u00een acela\u0219i timp propriet\u0103\u021bi superioare de aderen\u021b\u0103. Perfect\u0103 at\u00e2t pentru aplica\u021bii cu margini drepte, c\u00e2t \u0219i curbate, aceast\u0103 solu\u021bie de margine a mobilierului combin\u0103 durabilitatea practic\u0103 cu estetica rafinat\u0103.<\/p>\n<\/div>\n","protected":false},"excerpt":{"rendered":"<p>22&#215;0,6; 22&#215;1; 22&#215;2; 28&#215;0,6*; 28&#215;2*; 32&#215;2*; 35&#215;1*; 42&#215;2<\/p>\n","protected":false},"featured_media":21633,"comment_status":"closed","ping_status":"open","template":"","meta":{"_acf_changed":false},"product_brand":[],"product_cat":[1209],"product_tag":[],"class_list":{"0":"post-25885","1":"product","2":"type-product","3":"status-publish","4":"has-post-thumbnail","6":"product_cat-margini-mobilier","8":"first","9":"instock","10":"product-type-simple"},"acf":[],"_links":{"self":[{"href":"https:\/\/www.maag-polska.pl\/ro\/wp-json\/wp\/v2\/product\/25885","targetHints":{"allow":["GET"]}}],"collection":[{"href":"https:\/\/www.maag-polska.pl\/ro\/wp-json\/wp\/v2\/product"}],"about":[{"href":"https:\/\/www.maag-polska.pl\/ro\/wp-json\/wp\/v2\/types\/product"}],"replies":[{"embeddable":true,"href":"https:\/\/www.maag-polska.pl\/ro\/wp-json\/wp\/v2\/comments?post=25885"}],"wp:featuredmedia":[{"embeddable":true,"href":"https:\/\/www.maag-polska.pl\/ro\/wp-json\/wp\/v2\/media\/21633"}],"wp:attachment":[{"href":"https:\/\/www.maag-polska.pl\/ro\/wp-json\/wp\/v2\/media?parent=25885"}],"wp:term":[{"taxonomy":"product_brand","embeddable":true,"href":"https:\/\/www.maag-polska.pl\/ro\/wp-json\/wp\/v2\/product_brand?post=25885"},{"taxonomy":"product_cat","embeddable":true,"href":"https:\/\/www.maag-polska.pl\/ro\/wp-json\/wp\/v2\/product_cat?post=25885"},{"taxonomy":"product_tag","embeddable":true,"href":"https:\/\/www.maag-polska.pl\/ro\/wp-json\/wp\/v2\/product_tag?post=25885"}],"curies":[{"name":"wp","href":"https:\/\/api.w.org\/{rel}","templated":true}]}}

<div>
<p>Inspirat de nuanțele calde și aurii ale coniacului Calvados, această bandă de margine din PVC D2/2 GRUSZA surprinde esența granulației premium a lemnului de par. Textura suprafeței realizată cu meticulozitate și variațiile bogate de culoare creează un finisaj sofisticat care se îmbină perfect cu marginile mobilierului dvs. Fiecare bandă menține o stabilitate excepțională a culorii în diferite condiții de iluminare, în timp ce formula rezistentă la UV previne îngălbenirea sau decolorarea în timp.</p>
<p>Fabricat din PVC pur, acest material de calitate profesională pentru prelucrarea lemnului oferă o versatilitate remarcabilă în aplicațiile de fabricare a mobilierului. Grosimea precisă de 2 mm a benzii de margine asigură margini curate, rezistente la impact pentru dulapuri, rafturi și instalații comerciale. Compoziția sa optimizată permite o prelucrare eficientă cu deșeuri minime, menținând în același timp proprietăți superioare de aderență. Perfectă atât pentru aplicații cu margini drepte, cât și curbate, această soluție de margine a mobilierului combină durabilitatea practică cu estetica rafinată.</p>
</div>
