{"id":26255,"date":"2025-09-01T08:31:12","date_gmt":"2025-09-01T08:31:12","guid":{"rendered":"https:\/\/www.maag-polska.pl\/obrzeza-meblowe\/d3-2-light-beech\/"},"modified":"2025-09-01T09:05:09","modified_gmt":"2025-09-01T09:05:09","slug":"d3-2-light-beech","status":"publish","type":"product","link":"https:\/\/www.maag-polska.pl\/lt\/obrzeza-meblowe\/d3-2-light-beech\/","title":{"rendered":"Bald\u0173 kra\u0161tai D3\/2 LIGHT BEECH"},"content":{"rendered":"<div>\n<p>Ry\u0161kios \u0105\u017euolo PVC kra\u0161tin\u0117s juostos, perteikian\u010dios autenti\u0161k\u0105 nat\u016bralaus med\u017eio gr\u016bd\u0173 \u0161ilum\u0105, si\u016blan\u010dios vientis\u0105 derin\u012f su \u0161viesi\u0173 atspalvi\u0173 bald\u0173 pavir\u0161iais. Kruop\u0161\u010diai sukalibruota D3\/2 BUK JASNY apdaila sukuria gyl\u012f ir matmenis, i\u0161laikant spalvos nuoseklum\u0105 visoje juostoje. \u0160i med\u017eio apdirbimo med\u017eiaga pasi\u017eymi nepriekai\u0161tinga pavir\u0161iaus kokybe, kuri pagerina bendr\u0105 j\u016bs\u0173 bald\u0173 estetin\u012f patrauklum\u0105.<\/p>\n<p>Sukurta universaliam naudojimui, \u0161i gryno PVC kra\u0161t\u0173 juosta puikiai tinka tiek rankinio, tiek automatinio apdorojimo aplinkoje. Med\u017eiagos UV spinduliams atspari sud\u0117tis u\u017etikrina ilgalaik\u012f spalvos stabilum\u0105 \u012fvairiomis ap\u0161vietimo s\u0105lygomis, o patvari strukt\u016bra atlaiko kasdien\u012f d\u0117v\u0117jim\u0105si ir poveik\u012f. Puikiai tinka apvaduoti spinteles, lentynas ir biuro baldus, \u0161variai apdorojamos su minimaliomis atliekomis ir u\u017etikrina patikim\u0105 sukibim\u0105 ir ilgalaik\u0119 bald\u0173 briaun\u0173 apsaug\u0105.<\/p>\n<\/div>\n","protected":false},"excerpt":{"rendered":"<p>22&#215;0,6; 22&#215;1; 22&#215;2; 28&#215;2*; 32&#215;2*; 35&#215;1*; 42&#215;2<\/p>\n","protected":false},"featured_media":22538,"comment_status":"closed","ping_status":"open","template":"","meta":{"_acf_changed":false},"product_brand":[],"product_cat":[1210],"product_tag":[],"class_list":{"0":"post-26255","1":"product","2":"type-product","3":"status-publish","4":"has-post-thumbnail","6":"product_cat-baldu-krastai","8":"first","9":"instock","10":"product-type-simple"},"acf":[],"_links":{"self":[{"href":"https:\/\/www.maag-polska.pl\/lt\/wp-json\/wp\/v2\/product\/26255","targetHints":{"allow":["GET"]}}],"collection":[{"href":"https:\/\/www.maag-polska.pl\/lt\/wp-json\/wp\/v2\/product"}],"about":[{"href":"https:\/\/www.maag-polska.pl\/lt\/wp-json\/wp\/v2\/types\/product"}],"replies":[{"embeddable":true,"href":"https:\/\/www.maag-polska.pl\/lt\/wp-json\/wp\/v2\/comments?post=26255"}],"wp:featuredmedia":[{"embeddable":true,"href":"https:\/\/www.maag-polska.pl\/lt\/wp-json\/wp\/v2\/media\/22538"}],"wp:attachment":[{"href":"https:\/\/www.maag-polska.pl\/lt\/wp-json\/wp\/v2\/media?parent=26255"}],"wp:term":[{"taxonomy":"product_brand","embeddable":true,"href":"https:\/\/www.maag-polska.pl\/lt\/wp-json\/wp\/v2\/product_brand?post=26255"},{"taxonomy":"product_cat","embeddable":true,"href":"https:\/\/www.maag-polska.pl\/lt\/wp-json\/wp\/v2\/product_cat?post=26255"},{"taxonomy":"product_tag","embeddable":true,"href":"https:\/\/www.maag-polska.pl\/lt\/wp-json\/wp\/v2\/product_tag?post=26255"}],"curies":[{"name":"wp","href":"https:\/\/api.w.org\/{rel}","templated":true}]}}

Baldų kraštai D3/2 LIGHT BEECH

<div>
<p>Ryškios ąžuolo PVC kraštinės juostos, perteikiančios autentišką natūralaus medžio grūdų šilumą, siūlančios vientisą derinį su šviesių atspalvių baldų paviršiais. Kruopščiai sukalibruota D3/2 BUK JASNY apdaila sukuria gylį ir matmenis, išlaikant spalvos nuoseklumą visoje juostoje. Ši medžio apdirbimo medžiaga pasižymi nepriekaištinga paviršiaus kokybe, kuri pagerina bendrą jūsų baldų estetinį patrauklumą.</p>
<p>Sukurta universaliam naudojimui, ši gryno PVC kraštų juosta puikiai tinka tiek rankinio, tiek automatinio apdorojimo aplinkoje. Medžiagos UV spinduliams atspari sudėtis užtikrina ilgalaikį spalvos stabilumą įvairiomis apšvietimo sąlygomis, o patvari struktūra atlaiko kasdienį dėvėjimąsi ir poveikį. Puikiai tinka apvaduoti spinteles, lentynas ir biuro baldus, švariai apdorojamos su minimaliomis atliekomis ir užtikrina patikimą sukibimą ir ilgalaikę baldų briaunų apsaugą.</p>
</div>
