{"id":24880,"date":"2025-09-01T08:31:32","date_gmt":"2025-09-01T08:31:32","guid":{"rendered":"https:\/\/www.maag-polska.pl\/obrzeza-meblowe\/d30-7-natural-aurora-elm\/"},"modified":"2025-09-01T08:53:11","modified_gmt":"2025-09-01T08:53:11","slug":"d30-7-natural-aurora-elm","status":"publish","type":"product","link":"https:\/\/www.maag-polska.pl\/es\/obrzeza-meblowe\/d30-7-natural-aurora-elm\/","title":{"rendered":"Bordes de muebles D30\/7 NATURAL AURORA ELM"},"content":{"rendered":"<div>\n<p>El canto de PVC D30\/7 WI\u0104Z AURORA NATURALNY destaca por su excepcional resistencia a los impactos y al desgaste diario, garantizando una protecci\u00f3n duradera para los bordes de tus muebles. Este material de ebanister\u00eda premium incorpora una capa protectora UV que mantiene la estabilidad del color y previene el amarilleamiento, incluso en zonas con exposici\u00f3n solar directa. Fabricado con PVC puro de alta densidad, ofrece una resistencia superior a la humedad y los cambios de temperatura.<\/p>\n<p>La cinta de canto presenta un sistema de adhesi\u00f3n optimizado que permite una aplicaci\u00f3n r\u00e1pida y precisa, reduciendo significativamente el tiempo de instalaci\u00f3n. Su dise\u00f1o t\u00e9cnico elimina la necesidad de ajustes posteriores, facilitando un acabado profesional desde la primera aplicaci\u00f3n. El borde de mueble preacabado minimiza el desperdicio de material durante el proceso de instalaci\u00f3n, ofreciendo una soluci\u00f3n eficiente y econ\u00f3mica para proyectos de carpinter\u00eda tanto a peque\u00f1a como a gran escala.<\/p>\n<\/div>\n","protected":false},"excerpt":{"rendered":"<p>22&#215;0,6; 22&#215;1; 22&#215;2; 28&#215;2*; 32&#215;2*; 35&#215;1*; 42&#215;2<\/p>\n","protected":false},"featured_media":13407,"comment_status":"closed","ping_status":"open","template":"","meta":{"_acf_changed":false},"product_brand":[],"product_cat":[452],"product_tag":[],"class_list":{"0":"post-24880","1":"product","2":"type-product","3":"status-publish","4":"has-post-thumbnail","6":"product_cat-bordes-de-muebles","8":"first","9":"instock","10":"product-type-simple"},"acf":[],"_links":{"self":[{"href":"https:\/\/www.maag-polska.pl\/es\/wp-json\/wp\/v2\/product\/24880","targetHints":{"allow":["GET"]}}],"collection":[{"href":"https:\/\/www.maag-polska.pl\/es\/wp-json\/wp\/v2\/product"}],"about":[{"href":"https:\/\/www.maag-polska.pl\/es\/wp-json\/wp\/v2\/types\/product"}],"replies":[{"embeddable":true,"href":"https:\/\/www.maag-polska.pl\/es\/wp-json\/wp\/v2\/comments?post=24880"}],"wp:featuredmedia":[{"embeddable":true,"href":"https:\/\/www.maag-polska.pl\/es\/wp-json\/wp\/v2\/media\/13407"}],"wp:attachment":[{"href":"https:\/\/www.maag-polska.pl\/es\/wp-json\/wp\/v2\/media?parent=24880"}],"wp:term":[{"taxonomy":"product_brand","embeddable":true,"href":"https:\/\/www.maag-polska.pl\/es\/wp-json\/wp\/v2\/product_brand?post=24880"},{"taxonomy":"product_cat","embeddable":true,"href":"https:\/\/www.maag-polska.pl\/es\/wp-json\/wp\/v2\/product_cat?post=24880"},{"taxonomy":"product_tag","embeddable":true,"href":"https:\/\/www.maag-polska.pl\/es\/wp-json\/wp\/v2\/product_tag?post=24880"}],"curies":[{"name":"wp","href":"https:\/\/api.w.org\/{rel}","templated":true}]}}

<div>
<p>El canto de PVC D30/7 WIĄZ AURORA NATURALNY destaca por su excepcional resistencia a los impactos y al desgaste diario, garantizando una protección duradera para los bordes de tus muebles. Este material de ebanistería premium incorpora una capa protectora UV que mantiene la estabilidad del color y previene el amarilleamiento, incluso en zonas con exposición solar directa. Fabricado con PVC puro de alta densidad, ofrece una resistencia superior a la humedad y los cambios de temperatura.</p>
<p>La cinta de canto presenta un sistema de adhesión optimizado que permite una aplicación rápida y precisa, reduciendo significativamente el tiempo de instalación. Su diseño técnico elimina la necesidad de ajustes posteriores, facilitando un acabado profesional desde la primera aplicación. El borde de mueble preacabado minimiza el desperdicio de material durante el proceso de instalación, ofreciendo una solución eficiente y económica para proyectos de carpintería tanto a pequeña como a gran escala.</p>
</div>
